highest common factor of k and 6?
6
Suppose 5*i + 2*c = 84 + 156, 4*i - c = 192. What is the highest common factor of i and 48?
48
Let c be (-37 + -11)*(6/4)/(-3). Calculate the highest common factor of 816 and c.
24
Let b = 47 + -49. Let t be (13 + 0)/(b/(-18)). What is the greatest common divisor of t and 13?
13
Let i = 45 - 21. What is the greatest common divisor of 84 and i?
12
Let c(l) = 5*l**2 + 79*l + 10. Let b be c(-20). Calculate the greatest common factor of b and 10.
10
Suppose -138 = 4*s - x, s + 6*x = 3*x - 28. Let k = s + 80. What is the highest common divisor of k and 69?
23
Let p = -422 - -674. Calculate the greatest common factor of 54 and p.
18
Let s be (-3)/2*(-3 + -1). Suppose -6 = -3*v + s. Suppose -4 = v*c, -3*c + 48 = -3*f + 4*f. Calculate the highest common factor of 17 and f.
17
Suppose -a - a = 3*p - 8, 5*a - 62 = 3*p. Let m be ((192/(-20))/(-3))/(4/a). Calculate the highest common factor of m and 20.
4
Let c = -2 + 177. What is the highest common divisor of c and 25?
25
Let l = -109 - -125. Let q be ((-6)/(-24))/(2/l). What is the highest common factor of q and 6?
2
Suppose -3*z + 114 = -42. Suppose 0*f = 2*f - 8. Suppose f*l = -l + 65. Calculate the greatest common divisor of l and z.
13
Let d = 104 + -97. Let i(m) = 4*m - 14. Let y be i(d). Calculate the greatest common factor of y and 126.
14
Suppose 0 = -2*v - 2*s + 22, 5*s = 3*v + 9*s - 31. Calculate the greatest common factor of 13 and v.
13
Let b be (-1)/2 - ((-9507)/6 - 3). What is the greatest common factor of 46 and b?
23
Suppose -a + 13 = 3*h - 0*a, 5*h - 5*a = 15. Suppose -6*x + 100 = -h*x. Calculate the greatest common divisor of x and 10.
10
Suppose -8*b + 456 = -2*f - 2160, -2*f - 648 = -2*b. Calculate the highest common divisor of 16 and b.
8
Let z be ((-15)/(-5) - 0/2)*5. What is the greatest common factor of z and 1455?
15
Suppose -3*f - 9 + 39 = 0. Let u be f/25 + (-53)/(-5). Calculate the highest common divisor of 11 and u.
11
Let y(k) = -4*k**2 + 11 + 17*k**2 + 12*k - 3 + 34*k**3 - 33*k**3. Let p be y(-12). What is the highest common divisor of p and 6?
2
Let s = 30 - 12. Let k = 26 + -22. Suppose 2*j - k*i = 34, -5 = -5*j - i + 36. What is the highest common divisor of s and j?
9
Let u be ((-4)/(-5))/((-2)/(-65)). Let w = -2268 - -2398. Calculate the highest common factor of u and w.
26
Suppose 1 = 2*h + v + 11, v = -h - 3. Let o(r) = r**3 + 9*r**2 - 3*r + 2. Let f be o(h). What is the highest common factor of f and 11?
11
Let b = -13 - 0. Let g = b - -35. Let k = g + -7. What is the greatest common factor of 45 and k?
15
Let u be 2/25 + (-24819)/(-75) - -5. What is the highest common divisor of u and 192?
48
Suppose 5*w + 70 - 15 = 0. Let i = w + 18. Let d = i - -5. What is the highest common factor of d and 48?
12
Let n be (-12)/14*(-31 - 4). Let i be 1/(-4 - (-123)/n). What is the greatest common divisor of i and 20?
10
Let v be (-36)/(-24) - (-327)/6. Let c = 288 - 148. What is the highest common divisor of v and c?
28
Let z be 7/14 - 95/(-2). Suppose 0 = -24*g + 3*g + 3024. Calculate the greatest common divisor of z and g.
48
Let x = -3 + 13. Let v = 45 - 35. Calculate the highest common factor of x and v.
10
Let r(i) = -i - 1. Let q(t) = 3*t + 6. Let s(o) = -q(o) - 4*r(o). Let u be s(4). Let h be 1/u + 973/14. What is the highest common factor of 10 and h?
10
Let t(w) = 10*w**2 - 10*w + 56. Let c be t(-11). What is the greatest common factor of 43 and c?
43
Let q(f) = f**3 + 3. Let n be q(0). Suppose -n*a - 2*y = -5*a + 16, 0 = -2*a - 3*y - 9. Suppose 52 + 74 = a*r. Calculate the greatest common divisor of 6 and r.
6
Suppose -36*g + 27*g = -72. Calculate the highest common factor of g and 632.
8
Suppose 0 = -4*h + 4*h - 2*h. Suppose h = k + 2*t - 21, 5*k - 81 - 37 = 3*t. What is the highest common factor of 69 and k?
23
Let w(j) = -j**3 - 15. Let q be w(0). Let x = q + 20. Let d = x + 3. What is the greatest common factor of 88 and d?
8
Let c be (-18)/4*(-2 - 0). Suppose -372 = -5*j - 4*v, -22*v + 20*v - 282 = -4*j. What is the greatest common divisor of j and c?
9
Let c = -41 - -40. Let j be c*(2 - -1 - 39). What is the greatest common factor of j and 12?
12
Let l(n) = -n**2 - 2*n + 3. Let f be l(-3). Let o(q) = 4 - 2*q**2 + 2 + 19*q + f*q - 5. Let c be o(9). Calculate the highest common factor of 15 and c.
5
Suppose -2*u - 354 = -2*y, 4*u - u = 5*y - 881. Suppose 173*r - y*r + 310 = 0. What is the highest common divisor of 62 and r?
31
Let n be 8 - 5/(2 + 3). Suppose 5*v + 24 = 304. What is the highest common factor of v and n?
7
Suppose 0*q - 672 = -8*q. What is the highest common divisor of q and 420?
84
Let n be 210/12*(-44)/(-5). Suppose -3*d = -0*d - 66. What is the greatest common factor of d and n?
22
Let t be -3 - (-4)/((-8)/(-6)). Suppose t = -q + 32 - 8. Let m be (q/9)/((-4)/(-48)). Calculate the highest common divisor of m and 4.
4
Let n(g) = -g**3 + g**2 - g - 8. Let l be n(0). Let m(a) = -2*a - 14. Let q be m(l). Suppose -h - 152 = -q*h. What is the greatest common factor of h and 19?
19
Let o(b) = 5*b**2 + 3*b + 12. Let z(j) = 4*j**2 + 3*j + 11. Let n(r) = 6*o(r) - 7*z(r). Let g be n(8). Calculate the highest common factor of 9 and g.
9
Suppose -3*b = 2*y - 29 + 5, 0 = -2*y - 5*b + 28. Let v(h) = -h**3 + 7*h**2 + 20*h - 4. Let c be v(y). What is the greatest common factor of c and 2?
2
Let f(d) = -20*d + 44. Let n be f(-7). Calculate the highest common divisor of n and 46.
46
Suppose -36*u - 12000 = -41*u. Suppose -19*z = -9*z - u. Suppose -2*c - 52 = -4*c + 4*p, -c + 24 = -3*p. What is the greatest common factor of c and z?
30
Let t(a) = -4*a - 69. Let o be t(-21). Let h = -39 + 55. Let z = -1 + h. Calculate the highest common factor of o and z.
15
Suppose -60 = 151*r - 147*r. Let s be ((-6)/r)/(4/60) + -1. What is the highest common factor of 35 and s?
5
Let w be (0 - -1)*2*(-4 - -7). Suppose 40 = w*x - 4*x. What is the greatest common factor of x and 12?
4
Let w(d) = -15*d + 503. Let p be w(27). What is the highest common factor of p and 280?
14
Let y(t) = -2*t**2 + 85*t - 92. Let j be y(40). What is the highest common factor of 81 and j?
27
Suppose 7*o + 223 = 279. What is the greatest common factor of o and 236?
4
Let x = -15 + 59. Let d = x - -33. Calculate the highest common divisor of d and 7.
7
Let p(z) = 8*z - 12. Suppose -7 = 4*w - 47. Let i be p(w). Suppose 0 = -3*u + 15 + 36. What is the greatest common factor of u and i?
17
Suppose 4*c - 4 = -44. Let j = c - 2. Let i = j - -23. What is the greatest common divisor of i and 121?
11
Let c be (-14)/(-5) + (-16)/(-80). Let b be 2*(4 - (-8 + c)). What is the highest common factor of b and 54?
18
Let c = 788 - 680. What is the highest common divisor of c and 60?
12
Suppose 30*j + 570 = 68*j. Let y(p) = 60*p. Let v be y(2). Calculate the highest common divisor of v and j.
15
Suppose 0 = 5*v - v - 4*k - 260, -4*k = 20. Calculate the highest common factor of 156 and v.
12
Let y = -22 - -33. Let k be ((-9)/81)/(8/(-396))*18. Calculate the greatest common divisor of y and k.
11
Let o be 1*(-6)/4 + 210/4. What is the highest common divisor of o and 85?
17
Let x be (15 - 855/75)*16*25. Calculate the highest common divisor of x and 160.
160
Let b be 40/2 - (-1 + 3). Let f(v) = 4*v + 90. Let x be f(-18). Calculate the highest common factor of b and x.
18
Suppose 4*p = -2*k + 3522, -3*p + 3*k + 2637 = -0*k. What is the highest common divisor of p and 55?
55
Let h be (-7 + (-6 - -13) - -153) + 3. Calculate the greatest common factor of 1482 and h.
78
Let t(w) = -w**3 - 37*w**2 + 30*w + 37. Let l be t(-38). What is the greatest common divisor of l and 44?
11
Let z(t) = 3*t**2 - 11*t + 6. Let u be z(4). Let s(k) = k - 6. Let f be s(u). Let x be (f/(-7))/((-2)/21). What is the greatest common factor of 66 and x?
6
Let g be 0/(-4)*(-3 + 2). Suppose g = 3*y + 55 - 127. Calculate the greatest common divisor of y and 12.
12
Let u = -29 + -91. Let q be (2/(-8))/(6/u). Suppose -2*g + q*r = -91, -g - 4*g + r = -239. What is the greatest common divisor of g and 12?
12
Let j(l) = l + 9. Let x be j(-9). Suppose 2*g - 246 - 170 = x. What is the greatest common factor of 26 and g?
26
Let x = 975 - 969. What is the greatest common factor of 303 and x?
3
Suppose a = -2*j + 27, 0 = -6*a + 4